{"id":27,"date":"2017-01-18T16:39:16","date_gmt":"2017-01-18T18:39:16","guid":{"rendered":"https:\/\/relogiopontosul.com.br\/site\/?page_id=27"},"modified":"2026-01-07T14:37:07","modified_gmt":"2026-01-07T17:37:07","slug":"home-page","status":"publish","type":"page","link":"https:\/\/relogiopontosul.com.br\/","title":{"rendered":"Home Page"},"content":{"rendered":"<div id=\"pl-27\"  class=\"panel-layout\" ><div id=\"pg-27-0\"  class=\"panel-grid panel-no-style\" ><div id=\"pgc-27-0-0\"  class=\"panel-grid-cell\" ><div id=\"panel-27-0-0-0\" class=\"so-panel widget widget_themegrill_flash_slider tg-section tg-slider-widget panel-first-child panel-last-child\" data-index=\"0\" ><div class=\"tg-slider-widget slider-light slider-content-center slider-control-bottom-right full-width\">\n\t<div class=\"swiper-container\">\n\t\t<div class=\"swiper-wrapper\">\n\t\t\t\n\t\t\t\t\t<div class=\"swiper-slide\">\n\t\t\t\t\t\t<figure class=\"slider-image\" >\n\t\t\t\t\t\t\t<img width=\"1404\" height=\"451\"\t\t\t\t\t\t\t\t\tsrc=\"https:\/\/relogiopontosul.com.br\/wp-content\/uploads\/2026\/01\/Catraca-com-Placa-integradora-e-Face-Ultra-2.png\"\n\t\t\t\t\t\t\t\t\talt=\"\"\n\t\t\t\t\t\t\t\t\ttitle=\"\"\/>\n\t\t\t\t\t\t\t<div class=\"overlay\"><\/div>\n\t\t\t\t\t\t<\/figure>\n\t\t\t\t\t\t<div class=\"slider-content\">\n\t\t\t\t\t\t\t<div class=\"tg-container\">\n\t\t\t\t\t\t\t\t<div class=\"caption-title\"><\/div>\n\t\t\t\t\t\t\t\t<div class=\"caption-desc\"><\/div>\n\t\t\t\t\t\t\t\t\t\t\t\t\t\t\t<\/div>\n\t\t\t\t\t\t<\/div>\n\t\t\t\t\t<\/div>\n\n\t\t\t\t\n\t\t\t\t\t<div class=\"swiper-slide\">\n\t\t\t\t\t\t<figure class=\"slider-image\" >\n\t\t\t\t\t\t\t<img width=\"1439\" height=\"399\"\t\t\t\t\t\t\t\t\tsrc=\"https:\/\/relogiopontosul.com.br\/wp-content\/uploads\/2020\/11\/Banner04.jpg\"\n\t\t\t\t\t\t\t\t\talt=\"\"\n\t\t\t\t\t\t\t\t\ttitle=\"\"\/>\n\t\t\t\t\t\t\t<div class=\"overlay\"><\/div>\n\t\t\t\t\t\t<\/figure>\n\t\t\t\t\t\t<div class=\"slider-content\">\n\t\t\t\t\t\t\t<div class=\"tg-container\">\n\t\t\t\t\t\t\t\t<div class=\"caption-title\"><\/div>\n\t\t\t\t\t\t\t\t<div class=\"caption-desc\"><\/div>\n\t\t\t\t\t\t\t\t\t\t\t\t\t\t\t<\/div>\n\t\t\t\t\t\t<\/div>\n\t\t\t\t\t<\/div>\n\n\t\t\t\t\n\t\t\t\t\t<div class=\"swiper-slide\">\n\t\t\t\t\t\t<figure class=\"slider-image\" >\n\t\t\t\t\t\t\t<img width=\"1920\" height=\"1247\"\t\t\t\t\t\t\t\t\tsrc=\"https:\/\/relogiopontosul.com.br\/wp-content\/uploads\/2026\/01\/54-9647-3298-2-1.png\"\n\t\t\t\t\t\t\t\t\talt=\"\"\n\t\t\t\t\t\t\t\t\ttitle=\"\"\/>\n\t\t\t\t\t\t\t<div class=\"overlay\"><\/div>\n\t\t\t\t\t\t<\/figure>\n\t\t\t\t\t\t<div class=\"slider-content\">\n\t\t\t\t\t\t\t<div class=\"tg-container\">\n\t\t\t\t\t\t\t\t<div class=\"caption-title\"><\/div>\n\t\t\t\t\t\t\t\t<div class=\"caption-desc\"><\/div>\n\t\t\t\t\t\t\t\t\t\t\t\t\t\t\t<\/div>\n\t\t\t\t\t\t<\/div>\n\t\t\t\t\t<\/div>\n\n\t\t\t\t\t\t<\/div>\n\t\t<div class=\"swiper-pagination\"><\/div>\n\t\t<div class=\"slider-arrow\">\n\t\t\t<div class=\"swiper-button-next\"><\/div>\n\t\t\t<div class=\"swiper-button-prev\"><\/div>\n\t\t<\/div>\n\t<\/div>\n<\/div>\n<\/div><\/div><\/div><div id=\"pg-27-1\"  class=\"panel-grid panel-no-style\" ><div id=\"pgc-27-1-0\"  class=\"panel-grid-cell\" ><div id=\"panel-27-1-0-0\" class=\"so-panel widget widget_themegrill_flash_service tg-widget tg-single-service panel-first-child panel-last-child\" data-index=\"1\" ><div class=\"panel-widget-style panel-widget-style-for-27-1-0-0\" >\n<div class=\"tg-service-widget tg-service-layout-1\">\n\t<div class=\"service-wrapper\">\n\t\t<div class=\"service-icon-title-wrapper clearfix\">\n\t\t\t\t\t\t<div class=\"service-icon-wrap\"><i class=\"fa fa-clock-o\"><\/i><\/div>\n\t\t\t\t\t\t\t\t\t\t\t\t<h3 class=\"service-title-wrap\">\n\t\t\t\t\t\t\t\t<a href=\"https:\/\/relogiopontosul.com.br\/?portfolio_cat=relogio-digital\">\n\t\t\t\tRel\u00f3gio de Ponto\t\t\t\t\t\t\t\t<\/a>\n\t\t\t\t\t\t\t<\/h3>\n\t\t\t\t\t<\/div>\n\t\t\t\t<div class=\"service-content-wrap\">Mais seguro, pr\u00e1tico e conectado o Rel\u00f3gio ponto Dimep \u00e9 a solu\u00e7\u00e3o ideial para empresas.<\/div>\n\t\t\t\t\t\t<a class=\"service-more\" href=\"https:\/\/relogiopontosul.com.br\/?portfolio_cat=relogio-digital\">ver todos<\/a>\n\t\t\t<\/div>\n<\/div>\n<\/div><\/div><\/div><div id=\"pgc-27-1-1\"  class=\"panel-grid-cell\" ><div id=\"panel-27-1-1-0\" class=\"so-panel widget widget_themegrill_flash_service tg-widget tg-single-service panel-first-child panel-last-child\" data-index=\"2\" ><div class=\"panel-widget-style panel-widget-style-for-27-1-1-0\" >\n<div class=\"tg-service-widget tg-service-layout-1\">\n\t<div class=\"service-wrapper\">\n\t\t<div class=\"service-icon-title-wrapper clearfix\">\n\t\t\t\t\t\t<div class=\"service-icon-wrap\"><i class=\"fa fa-universal-access\"><\/i><\/div>\n\t\t\t\t\t\t\t\t\t\t\t\t<h3 class=\"service-title-wrap\">\n\t\t\t\t\t\t\t\t<a href=\"https:\/\/relogiopontosul.com.br\/?portfolio_cat=controle-de-acesso\">\n\t\t\t\tSistema de Acesso\t\t\t\t\t\t\t\t<\/a>\n\t\t\t\t\t\t\t<\/h3>\n\t\t\t\t\t<\/div>\n\t\t\t\t<div class=\"service-content-wrap\">Possu\u00edmos uma solu\u00e7\u00e3o completa de catracas, torniquetes e bloqueios de acesso.<\/div>\n\t\t\t\t\t\t<a class=\"service-more\" href=\"https:\/\/relogiopontosul.com.br\/?portfolio_cat=controle-de-acesso\">ver todos<\/a>\n\t\t\t<\/div>\n<\/div>\n<\/div><\/div><\/div><div id=\"pgc-27-1-2\"  class=\"panel-grid-cell\" ><div id=\"panel-27-1-2-0\" class=\"so-panel widget widget_themegrill_flash_service tg-widget tg-single-service panel-first-child panel-last-child\" data-index=\"3\" ><div class=\"panel-widget-style panel-widget-style-for-27-1-2-0\" >\n<div class=\"tg-service-widget tg-service-layout-1\">\n\t<div class=\"service-wrapper\">\n\t\t<div class=\"service-icon-title-wrapper clearfix\">\n\t\t\t\t\t\t<div class=\"service-icon-wrap\"><i class=\"fa fa-cubes\"><\/i><\/div>\n\t\t\t\t\t\t\t\t\t\t\t\t<h3 class=\"service-title-wrap\">\n\t\t\t\t\t\t\t\t<a href=\"https:\/\/relogiopontosul.com.br\/?portfolio=bobina-termica-para-relogio-de-ponto-360-metros\">\n\t\t\t\tBobinas\t\t\t\t\t\t\t\t<\/a>\n\t\t\t\t\t\t\t<\/h3>\n\t\t\t\t\t<\/div>\n\t\t\t\t<div class=\"service-content-wrap\">Bobinas t\u00e9rmicas de 50 e 360 metros homologado pelo Inmetro. Cria\u00e7\u00e3o e Impress\u00e3o de crach\u00e1s em PVC.<\/div>\n\t\t\t\t\t\t<a class=\"service-more\" href=\"https:\/\/relogiopontosul.com.br\/?portfolio=bobina-termica-para-relogio-de-ponto-360-metros\">ver todos<\/a>\n\t\t\t<\/div>\n<\/div>\n<\/div><\/div><\/div><div id=\"pgc-27-1-3\"  class=\"panel-grid-cell\" ><div id=\"panel-27-1-3-0\" class=\"so-panel widget widget_themegrill_flash_service tg-widget tg-single-service panel-first-child panel-last-child\" data-index=\"4\" ><div class=\"panel-widget-style panel-widget-style-for-27-1-3-0\" >\n<div class=\"tg-service-widget tg-service-layout-1\">\n\t<div class=\"service-wrapper\">\n\t\t<div class=\"service-icon-title-wrapper clearfix\">\n\t\t\t\t\t\t<div class=\"service-icon-wrap\"><i class=\"fa fa-mobile\"><\/i><\/div>\n\t\t\t\t\t\t\t\t\t\t\t\t<h3 class=\"service-title-wrap\">\n\t\t\t\t\t\t\t\t<a href=\"https:\/\/relogiopontosul.com.br\/?portfolio_cat=softwares\">\n\t\t\t\tSoftware\t\t\t\t\t\t\t\t<\/a>\n\t\t\t\t\t\t\t<\/h3>\n\t\t\t\t\t<\/div>\n\t\t\t\t<div class=\"service-content-wrap\">Solu\u00e7\u00f5es completas para gest\u00e3o de pessoas em nuvem, acesso e seguran\u00e7a.<\/div>\n\t\t\t\t\t\t<a class=\"service-more\" href=\"https:\/\/relogiopontosul.com.br\/?portfolio_cat=softwares\">ver todos<\/a>\n\t\t\t<\/div>\n<\/div>\n<\/div><\/div><\/div><\/div><div id=\"pg-27-2\"  class=\"panel-grid panel-no-style\" ><div id=\"pgc-27-2-0\"  class=\"panel-grid-cell\" ><div id=\"panel-27-2-0-0\" class=\"so-panel widget widget_themegrill_flash_heading tg-widget section-title-wrapper panel-first-child panel-last-child\" data-index=\"5\" ><div class=\"panel-widget-style panel-widget-style-for-27-2-0-0\" >\t<h3 class=\"section-title\">Produtos em Destaque<\/h3>\n<\/div><\/div><\/div><\/div><div id=\"pg-27-3\"  class=\"panel-grid panel-no-style\" ><div id=\"pgc-27-3-0\"  class=\"panel-grid-cell\" ><div id=\"panel-27-3-0-0\" class=\"so-panel widget widget_themegrill_flash_portfolio tg-section feature-product-section panel-first-child panel-last-child\" data-index=\"6\" ><div class=\"tg-feature-product-layout-1 tg-feature-product-filter-layout\"><div class=\"tg-container\"><div class=\"grid\"><div class=\"tg-column-wrapper\"><div class=\"tg-feature-product-widget element-item uxdesign tg-column-3 controle-de-acesso destaque promocoes relogios-de-ponto-inicial \" data-category=\"controle-de-acesso destaque promocoes relogios-de-ponto-inicial \"><figure><img loading=\"lazy\" decoding=\"async\" width=\"1080\" height=\"1080\" src=\"https:\/\/relogiopontosul.com.br\/wp-content\/uploads\/2022\/02\/face-acess-ultra.png\" class=\"attachment-full size-full wp-post-image\" alt=\"\" srcset=\"https:\/\/relogiopontosul.com.br\/wp-content\/uploads\/2022\/02\/face-acess-ultra.png 1080w, https:\/\/relogiopontosul.com.br\/wp-content\/uploads\/2022\/02\/face-acess-ultra-300x300.png 300w, https:\/\/relogiopontosul.com.br\/wp-content\/uploads\/2022\/02\/face-acess-ultra-1024x1024.png 1024w, https:\/\/relogiopontosul.com.br\/wp-content\/uploads\/2022\/02\/face-acess-ultra-150x150.png 150w, https:\/\/relogiopontosul.com.br\/wp-content\/uploads\/2022\/02\/face-acess-ultra-768x768.png 768w\" sizes=\"auto, (max-width: 1080px) 100vw, 1080px\" \/><\/figure><div class=\"featured-image-desc\"><span><a href=\"https:\/\/relogiopontosul.com.br\/?portfolio=smart-print-facial\"><i class=\"fa fa-plus\"><\/i><\/a><\/span><div class=\"feature-inner-block\"><h3 class=\"feature-title-wrap\"><a href=\"https:\/\/relogiopontosul.com.br\/?portfolio=smart-print-facial\">Face Access Ultra<\/a><\/h3><h4 class=\"feature-desc-wrap\">Reconhecimento facial integrado \u00e0 catraca.\r\nMais seguran\u00e7a no acesso, mais controle na gest\u00e3o.<\/h4><\/div><\/div><\/div><div class=\"tg-feature-product-widget element-item uxdesign tg-column-3 controle-de-acesso sistemas-de-acesso-inicial \" data-category=\"controle-de-acesso sistemas-de-acesso-inicial \"><figure><img loading=\"lazy\" decoding=\"async\" width=\"1294\" height=\"1600\" src=\"https:\/\/relogiopontosul.com.br\/wp-content\/uploads\/2020\/07\/NEW.png\" class=\"attachment-full size-full wp-post-image\" alt=\"\" srcset=\"https:\/\/relogiopontosul.com.br\/wp-content\/uploads\/2020\/07\/NEW.png 1294w, https:\/\/relogiopontosul.com.br\/wp-content\/uploads\/2020\/07\/NEW-243x300.png 243w, https:\/\/relogiopontosul.com.br\/wp-content\/uploads\/2020\/07\/NEW-828x1024.png 828w, https:\/\/relogiopontosul.com.br\/wp-content\/uploads\/2020\/07\/NEW-768x950.png 768w, https:\/\/relogiopontosul.com.br\/wp-content\/uploads\/2020\/07\/NEW-1242x1536.png 1242w\" sizes=\"auto, (max-width: 1294px) 100vw, 1294px\" \/><\/figure><div class=\"featured-image-desc\"><span><a href=\"https:\/\/relogiopontosul.com.br\/?portfolio=bap-ticket\"><i class=\"fa fa-plus\"><\/i><\/a><\/span><div class=\"feature-inner-block\"><h3 class=\"feature-title-wrap\"><a href=\"https:\/\/relogiopontosul.com.br\/?portfolio=bap-ticket\">New BAP<\/a><\/h3><h4 class=\"feature-desc-wrap\">Tecnologia e seguran\u00e7a integradas no acesso da sua empresa.<\/h4><\/div><\/div><\/div><div class=\"tg-feature-product-widget element-item uxdesign tg-column-3 controle-de-acesso sistemas-de-acesso-inicial \" data-category=\"controle-de-acesso sistemas-de-acesso-inicial \"><figure><img loading=\"lazy\" decoding=\"async\" width=\"2423\" height=\"2560\" src=\"https:\/\/relogiopontosul.com.br\/wp-content\/uploads\/2020\/07\/TUDO-PRETO-D-REP-NOVO-2023.png--scaled.png\" class=\"attachment-full size-full wp-post-image\" alt=\"\" srcset=\"https:\/\/relogiopontosul.com.br\/wp-content\/uploads\/2020\/07\/TUDO-PRETO-D-REP-NOVO-2023.png--scaled.png 2423w, https:\/\/relogiopontosul.com.br\/wp-content\/uploads\/2020\/07\/TUDO-PRETO-D-REP-NOVO-2023.png--284x300.png 284w, https:\/\/relogiopontosul.com.br\/wp-content\/uploads\/2020\/07\/TUDO-PRETO-D-REP-NOVO-2023.png--969x1024.png 969w, https:\/\/relogiopontosul.com.br\/wp-content\/uploads\/2020\/07\/TUDO-PRETO-D-REP-NOVO-2023.png--768x811.png 768w, https:\/\/relogiopontosul.com.br\/wp-content\/uploads\/2020\/07\/TUDO-PRETO-D-REP-NOVO-2023.png--1454x1536.png 1454w, https:\/\/relogiopontosul.com.br\/wp-content\/uploads\/2020\/07\/TUDO-PRETO-D-REP-NOVO-2023.png--1939x2048.png 1939w\" sizes=\"auto, (max-width: 2423px) 100vw, 2423px\" \/><\/figure><div class=\"featured-image-desc\"><span><a href=\"https:\/\/relogiopontosul.com.br\/?portfolio=428\"><i class=\"fa fa-plus\"><\/i><\/a><\/span><div class=\"feature-inner-block\"><h3 class=\"feature-title-wrap\"><a href=\"https:\/\/relogiopontosul.com.br\/?portfolio=428\">D-REP<\/a><\/h3><h4 class=\"feature-desc-wrap\">Controle de ponto inteligente com reconhecimento facial.\r\nMais seguran\u00e7a, menos fraudes e total confiabilidade para a sua empresa.<\/h4><\/div><\/div><\/div><div class=\"tg-feature-product-widget element-item uxdesign tg-column-3 controle-de-acesso sistemas-de-acesso-inicial \" data-category=\"controle-de-acesso sistemas-de-acesso-inicial \"><figure><img loading=\"lazy\" decoding=\"async\" width=\"130\" height=\"293\" src=\"https:\/\/relogiopontosul.com.br\/wp-content\/uploads\/2020\/07\/Face-Access-MT-Leitor-ZK-scaled-e1605183787435.jpg\" class=\"attachment-full size-full wp-post-image\" alt=\"\" \/><\/figure><div class=\"featured-image-desc\"><span><a href=\"https:\/\/relogiopontosul.com.br\/?portfolio=face-access-mt\"><i class=\"fa fa-plus\"><\/i><\/a><\/span><div class=\"feature-inner-block\"><h3 class=\"feature-title-wrap\"><a href=\"https:\/\/relogiopontosul.com.br\/?portfolio=face-access-mt\">Face Access MT<\/a><\/h3><h4 class=\"feature-desc-wrap\">Controlador de acesso biom\u00e9trico de alta velocidade com reconhecimento de rosto com m\u00e1scara de prote\u00e7\u00e3o e medi\u00e7\u00e3o da temperatura corporal, [&hellip;]<\/h4><\/div><\/div><\/div><div class=\"tg-feature-product-widget element-item uxdesign tg-column-3 controle-de-acesso sistemas-de-acesso-inicial \" data-category=\"controle-de-acesso sistemas-de-acesso-inicial \"><figure><img loading=\"lazy\" decoding=\"async\" width=\"340\" height=\"340\" src=\"https:\/\/relogiopontosul.com.br\/wp-content\/uploads\/2020\/07\/Detec\u00e7\u00e3o-de-Temperatura-e-Metal-1-e1605183840627.jpg\" class=\"attachment-full size-full wp-post-image\" alt=\"\" \/><\/figure><div class=\"featured-image-desc\"><span><a href=\"https:\/\/relogiopontosul.com.br\/?portfolio=detector-de-metal-com-medidor-de-temperatura-corporal\"><i class=\"fa fa-plus\"><\/i><\/a><\/span><div class=\"feature-inner-block\"><h3 class=\"feature-title-wrap\"><a href=\"https:\/\/relogiopontosul.com.br\/?portfolio=detector-de-metal-com-medidor-de-temperatura-corporal\">Detector de Metal com medidor de Temperatura Corporal<\/a><\/h3><h4 class=\"feature-desc-wrap\">Possui sensores que realizam a medi\u00e7\u00e3o da temperatura corporal e identifica usu\u00e1rios com febre. Conta com 18 zonas de detec\u00e7\u00e3o [&hellip;]<\/h4><\/div><\/div><\/div><div class=\"tg-feature-product-widget element-item uxdesign tg-column-3 controle-de-acesso destaque promocoes sistemas-de-acesso-inicial \" data-category=\"controle-de-acesso destaque promocoes sistemas-de-acesso-inicial \"><figure><img loading=\"lazy\" decoding=\"async\" width=\"1920\" height=\"1080\" src=\"https:\/\/relogiopontosul.com.br\/wp-content\/uploads\/2019\/10\/Grifos.jpg\" class=\"attachment-full size-full wp-post-image\" alt=\"\" srcset=\"https:\/\/relogiopontosul.com.br\/wp-content\/uploads\/2019\/10\/Grifos.jpg 1920w, https:\/\/relogiopontosul.com.br\/wp-content\/uploads\/2019\/10\/Grifos-300x169.jpg 300w, https:\/\/relogiopontosul.com.br\/wp-content\/uploads\/2019\/10\/Grifos-1024x576.jpg 1024w, https:\/\/relogiopontosul.com.br\/wp-content\/uploads\/2019\/10\/Grifos-768x432.jpg 768w, https:\/\/relogiopontosul.com.br\/wp-content\/uploads\/2019\/10\/Grifos-1536x864.jpg 1536w\" sizes=\"auto, (max-width: 1920px) 100vw, 1920px\" \/><\/figure><div class=\"featured-image-desc\"><span><a href=\"https:\/\/relogiopontosul.com.br\/?portfolio=gabinete-grifos\"><i class=\"fa fa-plus\"><\/i><\/a><\/span><div class=\"feature-inner-block\"><h3 class=\"feature-title-wrap\"><a href=\"https:\/\/relogiopontosul.com.br\/?portfolio=gabinete-grifos\">Gabinete Grifos<\/a><\/h3><h4 class=\"feature-desc-wrap\">Tecnologia e seguran\u00e7a integradas no acesso da sua empresa.<\/h4><\/div><\/div><\/div><div class=\"tg-feature-product-widget element-item uxdesign tg-column-3 controle-de-acesso sistemas-de-acesso-inicial \" data-category=\"controle-de-acesso sistemas-de-acesso-inicial \"><figure><img loading=\"lazy\" decoding=\"async\" width=\"385\" height=\"360\" src=\"https:\/\/relogiopontosul.com.br\/wp-content\/uploads\/2019\/09\/smart-gate2-e1605183925201.jpg\" class=\"attachment-full size-full wp-post-image\" alt=\"\" \/><\/figure><div class=\"featured-image-desc\"><span><a href=\"https:\/\/relogiopontosul.com.br\/?portfolio=smart-gate\"><i class=\"fa fa-plus\"><\/i><\/a><\/span><div class=\"feature-inner-block\"><h3 class=\"feature-title-wrap\"><a href=\"https:\/\/relogiopontosul.com.br\/?portfolio=smart-gate\">Smart Gate<\/a><\/h3><h4 class=\"feature-desc-wrap\">SMART GATE. O design e a tecnologia abrem passagem. A\u00a0DIMEP\u00a0apresenta a\u00a0SMART GATE, seu mais novo sistema de acesso que traz [&hellip;]<\/h4><\/div><\/div><\/div><div class=\"tg-feature-product-widget element-item uxdesign tg-column-3 destaque promocoes relogio-digital relogios-de-ponto-inicial \" data-category=\"destaque promocoes relogio-digital relogios-de-ponto-inicial \"><figure><img loading=\"lazy\" decoding=\"async\" width=\"121\" height=\"200\" src=\"https:\/\/relogiopontosul.com.br\/wp-content\/uploads\/2019\/02\/Smart-Print-Frontal.png\" class=\"attachment-full size-full wp-post-image\" alt=\"\" \/><\/figure><div class=\"featured-image-desc\"><span><a href=\"https:\/\/relogiopontosul.com.br\/?portfolio=smart-print\"><i class=\"fa fa-plus\"><\/i><\/a><\/span><div class=\"feature-inner-block\"><h3 class=\"feature-title-wrap\"><a href=\"https:\/\/relogiopontosul.com.br\/?portfolio=smart-print\">Rel\u00f3gio Ponto &#8211; Smart Print<\/a><\/h3><h4 class=\"feature-desc-wrap\">*Produto com 02 anos de garantia. O SMART PRINT \u00e9 feito sob medida para empresas de m\u00e9dio a grande porte [&hellip;]<\/h4><\/div><\/div><\/div><\/div><!-- \/.tg-column-wrapper--><\/div><!-- \/.grid --><\/div><!-- \/.tg-container --><\/div><!-- \/.layout div --><\/div><\/div><\/div><div id=\"pg-27-4\"  class=\"panel-grid panel-no-style\" ><div id=\"pgc-27-4-0\"  class=\"panel-grid-cell\" ><div id=\"panel-27-4-0-0\" class=\"so-panel widget widget_themegrill_flash_cta tg-widget call-to-action-section panel-first-child panel-last-child\" data-index=\"7\" ><div class=\"panel-widget-style panel-widget-style-for-27-4-0-0\" ><div class=\"cta-wrapper call-to-action-section-layout-1\">\n\t<div class=\"section-title-wrapper\">\n\t\t\t\t<h3 class=\"section-title\">As melhores solu\u00e7\u00f5es para sua empresa!<\/h3>\n\t\t\t<\/div>\n\t\t<div class=\"btn-wrapper\">\n\t\t\t\t<a class=\"btn\" href=\"https:\/\/relogiopontosul.com.br\/contato\/\">Entre em Contato<\/a>\n\t\t\t\t\t\t<a class=\"btn\" href=\"https:\/\/relogiopontosul.com.br\/ligamos-para-voce\/\">N\u00f3s ligamos para voc\u00ea<\/a>\n\t\t\t<\/div>\n\t<\/div>\n<\/div><\/div><\/div><\/div><\/div>","protected":false},"excerpt":{"rendered":"<p>Rel\u00f3gio de Ponto Mais seguro, pr\u00e1tico e conectado o Rel\u00f3gio ponto Dimep \u00e9 a solu\u00e7\u00e3o ideial para empresas. ver todos [&hellip;]<\/p>\n","protected":false},"author":3,"featured_media":0,"parent":0,"menu_order":0,"comment_status":"closed","ping_status":"closed","template":"page-templates\/full-width.php","meta":{"footnotes":""},"class_list":["post-27","page","type-page","status-publish","hentry"],"_links":{"self":[{"href":"https:\/\/relogiopontosul.com.br\/index.php?rest_route=\/wp\/v2\/pages\/27","targetHints":{"allow":["GET"]}}],"collection":[{"href":"https:\/\/relogiopontosul.com.br\/index.php?rest_route=\/wp\/v2\/pages"}],"about":[{"href":"https:\/\/relogiopontosul.com.br\/index.php?rest_route=\/wp\/v2\/types\/page"}],"author":[{"embeddable":true,"href":"https:\/\/relogiopontosul.com.br\/index.php?rest_route=\/wp\/v2\/users\/3"}],"replies":[{"embeddable":true,"href":"https:\/\/relogiopontosul.com.br\/index.php?rest_route=%2Fwp%2Fv2%2Fcomments&post=27"}],"version-history":[{"count":75,"href":"https:\/\/relogiopontosul.com.br\/index.php?rest_route=\/wp\/v2\/pages\/27\/revisions"}],"predecessor-version":[{"id":489,"href":"https:\/\/relogiopontosul.com.br\/index.php?rest_route=\/wp\/v2\/pages\/27\/revisions\/489"}],"wp:attachment":[{"href":"https:\/\/relogiopontosul.com.br\/index.php?rest_route=%2Fwp%2Fv2%2Fmedia&parent=27"}],"curies":[{"name":"wp","href":"https:\/\/api.w.org\/{rel}","templated":true}]}}